 be o(w). Suppose 0 = -5*d - 3*f + f + 243, -249 = -c*d + 4*f. List the prime factors of d.
7
Let u = -579 - -1007. What are the prime factors of u?
2, 107
Let c(r) = -r**2. Let d(p) = 10*p**2 - p - 9. Let k(q) = 4*c(q) + d(q). What are the prime factors of k(-3)?
2, 3
Let f = -445 - -687. Let x = f - 610. List the prime factors of (-6)/(-30) - x/10.
37
Suppose 35*z - 20367 = 5183. List the prime factors of z.
2, 5, 73
List the prime factors of (15/9)/(18/35262).
5, 653
Suppose -5*p = 2*d - 288, 4*d - 4*p - 31 = 489. Let l = d + 27. List the prime factors of l.
7, 23
Suppose -4*x + 0*x + l + 104 = 0, -2*x = -2*l - 52. Suppose 359 = 11*g - 224. Let d = g - x. What are the prime factors of d?
3
Let z = -202 + 1007. List the prime factors of z.
5, 7, 23
Let l be (-4)/(-6) - 66/(-9). Let b(q) = -q**3 + 10*q**2 + q - 9. What are the prime factors of b(l)?
127
Suppose 9*r - 14*r = -110. Let i = r - -3. List the prime factors of i.
5
Let k = -69 + 69. Suppose 8*p - 5*p - 207 = k. What are the prime factors of p?
3, 23
Let y(c) = 184*c - 11. Let o(x) = x**2. Let r be o(-1). List the prime factors of y(r).
173
Let m = 24 - 12. Let v = m + -8. What are the prime factors of 2/v - 185/(-10)?
19
Suppose 30744 = -105*b + 119*b. List the prime factors of b.
2, 3, 61
List the prime factors of (-113294)/(-259) - (-8)/14.
2, 3, 73
Let u(m) be the first derivative of -5*m**2/2 + 12*m - 19. What are the prime factors of u(-21)?
3, 13
Let y = 18 + -13. Let q(t) = -27*t**2 + 5*t - 31*t**2 + 59*t**2 + 2. What are the prime factors of q(y)?
2, 13
Suppose -4*q + 6433 = -9391. List the prime factors of q.
2, 23, 43
Let j(x) = x**3 - 7*x**2 + 8*x - 4. Let b be j(6). Let v = b - 6. Suppose 4*u - 4*z - 32 = 0, 2*u - 5*z = -v*u + 34. List the prime factors of u.
2, 3
List the prime factors of 8720/6*(1449/42)/23.
2, 5, 109
Let r(v) = 2*v + 17. Let o(p) = -p**3 + 6*p**2 - 2*p - 2. Let h be o(5). What are the prime factors of r(h)?
43
Let o be (-1 - 2)/(15 - 14). Let s = o - -59. What are the prime factors of s?
2, 7
Let k = -50 - -83. Suppose a + 0 = 2*v - 22, 0 = -3*v - 2*a + k. Let j = 46 - v. What are the prime factors of j?
5, 7
Suppose 239 = 5*p - 2*k - 776, 3*p = 3*k + 600. List the prime factors of p.
5, 41
Suppose -3*n = -13 - 545. Suppose m + 2*m = n. List the prime factors of m.
2, 31
Let r(v) be the second derivative of v**4/12 + 3*v**3/2 - 5*v**2 - v. Let f(n) = -n**2 + 3*n - 12. Let c be f(0). What are the prime factors of r(c)?
2, 13
What are the prime factors of (-6 - 0) + 0 + 2769?
3, 307
List the prime factors of (-2138)/(-14) - (0 + 6/(-21)).
3, 17
Let y(p) = -p**3 - 2*p**2 + 10. Let r be y(0). Suppose 3*g = -n - 2*g + r, -29 = -5*n - 4*g. What are the prime factors of (-128 + 20/n)/(-2)?
2, 31
List the prime factors of (-6)/(-27) + (191680/90 - -4).
2, 11, 97
Let w be -1 - -1 - (4 - 1). Let y be w*(-2)/4*2. Suppose 0 = 2*r - y*r + 15. What are the prime factors of r?
3, 5
Suppose d + d + 560 = 0. What are the prime factors of ((-10)/(-8))/((-14)/d)?
5
Let o(u) = 11 - 31 + 9*u**2 + 5*u + 16. What are the prime factors of o(-3)?
2, 31
What are the prime factors of (17 + -316)*-3*2?
2, 3, 13, 23
Let g = -15 + 35. Let y = g - 0. Let d = y + 3. List the prime factors of d.
23
Let l(o) = o**3 - 14*o**2 - 15*o + 28. Let m be l(19). What are the prime factors of m/48 + (-2)/8?
2
Suppose 4*r - 2*r - 5*g + 57 = 0, 0 = -3*r + 2*g - 58. Let m(f) = -f**2 - 19*f - 5. What are the prime factors of m(r)?
43
What are the prime factors of (4 + (1 - 7))/(1/(-128))?
2
Let n = -651 - -1091. List the prime factors of n.
2, 5, 11
Suppose -13*w - 14774 + 50693 = 0. What are the prime factors of w?
3, 307
Let c = -4 + 4. Suppose -5*d + 3*y + 36 = c, 3*y - 5*y = 4*d - 42. Let x = 5 + d. What are the prime factors of x?
2, 7
Let p = 5542 - 3923. What are the prime factors of p?
1619
Let k = 247 + -254. Let w(p) be the second derivative of -p**5/20 - p**4/2 + p**3 + 4*p**2 - p. List the prime factors of w(k).
3, 5
Let u = -4 + 6. Let f be u/5 - 2/5. Suppose f*q - 92 = -4*q. What are the prime factors of q?
23
Suppose -582 = -4*w - 42. What are the prime factors of w?
3, 5
Suppose -2*z + 10 = -i + 1, i = 4*z - 13. Suppose 5*v - v = 5*p - 15, z*v + p - 3 = 0. Suppose v = j + 3*j - 176. List the prime factors of j.
2, 11
Suppose -3*z - 18 = 2*w, 4*z = -2*w - 2*w - 32. List the prime factors of (-1 + 2)*-6*69/w.
3, 23
Suppose 4*y - 3*u - 1629 = 0, -4*y = -5*u - 993 - 626. What are the prime factors of y?
3, 137
Let l(k) = 86*k**2 + 4*k - 29. What are the prime factors of l(-7)?
4157
Suppose -6*r + 4*r + 98 = 0. Suppose 4*b + 68 + 44 = 0. Let a = r + b. What are the prime factors of a?
3, 7
Suppose -q = 2*v + 12, q + 32 = -2*q - 5*v. Let a(u) = 51*u + 5 - 4 - 56*u + 2. List the prime factors of a(q).
23
Let x(f) = -25*f**2 - 1. Let u be x(1). Let g(h) = -h**3 - 7*h**2 + 6*h - 4. Let m be g(-6). Let i = u - m. What are the prime factors of i?
2, 5
Let b(p) = p - 6. Let m be b(-8). Let i = m + 14. Suppose 3*g - 8*g + 90 = i. List the prime factors of g.
2, 3
Suppose -p = -5*a - 0*a + 38, -36 = -5*a + 2*p. What are the prime factors of (-930)/20*-1*a/3?
2, 31
Let g(c) = -c**3 + 8*c**2 - 12*c + 14. Let o be g(7). Let h(r) = -2*r**3 - 7*r**2 + 3*r + 3. Let x be h(-5). Let k = o + x. List the prime factors of k.
2, 3, 7
Let l = 131 - 148. Let t = l + 237. What are the prime factors of t?
2, 5, 11
Let h = -19 + 21. Suppose 3*j - 2*f = 90 + 33, h*j = -3*f + 95. What are the prime factors of j?
43
Let r = -44 + 30. Let u(p) = p**2 + 10*p + 1. What are the prime factors of u(r)?
3, 19
Let y(n) = 14*n**2 + n - 41. What are the prime factors of y(-11)?
2, 821
Let u = -24 - -20. Let b(f) = f**3 + 2*f**2 - 6*f + 3. Let x(t) = 3*t**3 + 6*t**2 - 17*t + 8. Let k(z) = 11*b(z) - 4*x(z). What are the prime factors of k(u)?
5
What are the prime factors of (((-72)/(-20))/3)/(3/130)?
2, 13
What are the prime factors of 11079/19 - 40/380?
11, 53
Let m(t) = -7*t. Let q be m(-1). Suppose 2*x = q*x - 440. Let n = -47 + x. List the prime factors of n.
41
Suppose -4*u + 10*n = 5*n + 101, 0 = u + 5*n + 19. Suppose -g - 4*c = -4*g - 19, 0 = 5*g - 3*c + 17. What are the prime factors of g/(-2) - 396/u?
17
Suppose 9 = -5*i - 16. List the prime factors of (-6 - i)/(1/(-241)).
241
Let u = -29 + 51. Suppose u = 2*t - 0*t + 4*q, -26 = -4*t - 2*q. Suppose 4*n + t*y = 121, 5*n - y - 119 = -4. What are the prime factors of n?
2, 3
Suppose -10 = -2*m + 8. Suppose -4*k = -m*k - 15, -3*k - 15 = -2*o. List the prime factors of o + -6 + (1 - -36).
2, 17
Let b(u) = u**3 + 4*u**2 - 2*u + 4. Let h be b(4). Let i = h + -72. What are the prime factors of i?
2, 13
Let s(c) = -2*c + 82. Let z be s(9). Let r(g) = 2*g**3 + 2*g**2 - 2*g - 3. Let x be r(-3). Let w = x + z. List the prime factors of w.
31
Let g(u) = u**3 + 7*u**2 - 3*u - 9. Let t be g(-7). Suppose -t = 4*q, -4*q = -s - 2*q + 44. List the prime factors of s.
2, 19
List the prime factors of 1 + (1790/4 - (-6)/4).
2, 3, 5
List the prime factors of (-153)/459 + (-6682)/(-3).
17, 131
Let b(w) = -956*w - 561. List the prime factors of b(-3).
3, 769
Let l = 32 - 27. Suppose -840 = -l*x + 2*x. List the prime factors of x.
2, 5, 7
Let j(r) = -4*r + 27. Let p be j(6). Let s be (-4 - -5)*(1 - -1). What are the prime factors of (s + 4/12)*p?
7
Let s = 623 + -159. List the prime factors of s.
2, 29
Suppose 2*a - 5*n = -n + 414, -4*a + 3*n + 833 = 0. Let d = a + -141. Suppose -2*s = -d + 16. What are the prime factors of s?
2, 13
What are the prime factors of 1/((-3)/(-16086)*7)?
2, 383
Let r(o) = 9*o**2 + 2*o - 4. Let f be r(-3). Suppose -134 = -5*w + f. List the prime factors of w.
41
Suppose l - 3*b - 8 = 0, -2*b - 62 = -5*l + 2*b. Suppose -24 = 2*z + 2*t, -3*t = -2*t + 5. Let r = z + l. List the prime factors of r.
7
Suppose 5*w - 2*b - 123 = -42, -b = 5*w - 72. Suppose -4*q - 267 = -8*q - 5*c, 5*c - w = 0. List the prime factors of q.
3, 7
Suppose -3*r = 3*y + 139 + 113, -y = 2*r + 171. Let d = r - -149. What are the prime factors of d?
2, 31
Let g = -82 + 98. What are the prime factors of (-24)/(((-9)/g)/3 + 0)?
2
Let f = 214 + -164. List the prime factors of f.
2, 5
Suppose 4*q - 5*n - 1217 = 0, -5*q + 1110 + 400 = 5*n. List the prime factors of q.
3, 101
Suppose -4*t - 5*p + 76